{"id":828,"date":"2011-02-22T19:41:08","date_gmt":"2011-02-22T18:41:08","guid":{"rendered":"http:\/\/www.mosthartl.at\/?page_id=828"},"modified":"2024-02-06T19:21:13","modified_gmt":"2024-02-06T18:21:13","slug":"speisekarte","status":"publish","type":"page","link":"https:\/\/www.mosthartl.at\/?page_id=828","title":{"rendered":"Speisekarte"},"content":{"rendered":"<div class=\"_df_book df-lite\" id=\"df_1387\"  _slug=\"1387\" data-title=\"\" wpoptions=\"true\" thumb=\"http:\/\/www.mosthartl.at\/wp-content\/uploads\/2011\/02\/i_GDh2k0k.jpg\" thumbtype=\"\" ><\/div><script class=\"df-shortcode-script\" nowprocket type=\"application\/javascript\">window.option_df_1387 = {\"outline\":[],\"autoEnableOutline\":\"false\",\"autoEnableThumbnail\":\"false\",\"overwritePDFOutline\":\"false\",\"direction\":\"1\",\"pageSize\":\"0\",\"source\":\"http:\\\/\\\/www.mosthartl.at\\\/wp-content\\\/uploads\\\/2024\\\/02\\\/Speisekarte_NEU_2023_DRUCK.pdf\",\"wpOptions\":\"true\"}; if(window.DFLIP && window.DFLIP.parseBooks){window.DFLIP.parseBooks();}<\/script>\n\n\n\n<p><\/p>\n\n\n\n<p>Preise auf Wunsch von Reinhard Hafner geschw\u00e4rzt. <br>Diese k\u00f6nnen telefonisch unter  ++43 660\/3483620 (von 0-24 Uhr) erfragt werden.<br><br>Prices blacked out by Reinhard Hafner on request.<br>These can be requested by telephone on ++43 660\/3483620 (from 0-24 hrs).<br><br>Prix noircis par Reinhard Hafner sur demande.<br>Ils peuvent \u00eatre demand\u00e9s par t\u00e9l\u00e9phone au ++43 660\/3483620 (de 0 \u00e0 24 heures).<br><br>Prezzi oscurati da Reinhard Hafner su richiesta.<br>Possono essere richiesti telefonicamente al numero ++43 660\/3483620 (da 0 a 24 ore).<br><br>Az \u00e1rakat Reinhard Hafner k\u00e9r\u00e9sre befeket\u00edti.<br>Ezek a ++43 660\/3483620 telefonsz\u00e1mon k\u00e9rhet\u0151k (0-24 \u00f3r\u00e1ig).<br><br>Cene na zahtevo zatemni Reinhard Hafner.<br>Te lahko zahtevate po telefonu ++43 660\/3483620 (od 0 do 24 ur).<br><br>\u0426\u0435\u043d\u044b \u0437\u0430\u0447\u0435\u0440\u043d\u0435\u043d\u044b \u0420\u0430\u0439\u043d\u0445\u0430\u0440\u0434\u043e\u043c \u0425\u0430\u0444\u043d\u0435\u0440\u043e\u043c \u043f\u043e \u0437\u0430\u043f\u0440\u043e\u0441\u0443.<br>\u0418\u0445 \u043c\u043e\u0436\u043d\u043e \u0437\u0430\u043f\u0440\u043e\u0441\u0438\u0442\u044c \u043f\u043e \u0442\u0435\u043b\u0435\u0444\u043e\u043d\u0443 ++43 660\/3483620 (\u0441 0 \u0434\u043e 24 \u0447\u0430\u0441\u043e\u0432).<\/p>\n","protected":false},"excerpt":{"rendered":"<p>Preise auf Wunsch von Reinhard Hafner geschw\u00e4rzt. Diese k\u00f6nnen telefonisch unter ++43 660\/3483620 (von 0-24 Uhr) erfragt werden. Prices blacked out by Reinhard Hafner on request.These can be requested by telephone on ++43 660\/3483620 (from 0-24 hrs). Prix noircis par &hellip;<\/p>\n<p class=\"read-more\"> <a class=\"more-link\" href=\"https:\/\/www.mosthartl.at\/?page_id=828\"> <span class=\"screen-reader-text\">Speisekarte<\/span> Weiterlesen &raquo;<\/a><\/p>\n","protected":false},"author":3,"featured_media":0,"parent":0,"menu_order":0,"comment_status":"closed","ping_status":"closed","template":"","meta":{"footnotes":""},"class_list":["post-828","page","type-page","status-publish","hentry"],"featured_image_src":"","featured_image_src_square":false,"rbea_author_info":{"display_name":"tw61","author_link":"https:\/\/www.mosthartl.at\/?author=3"},"rbea_excerpt_info":"Preise auf Wunsch von Reinhard Hafner geschw\u00e4rzt. Diese k\u00f6nnen telefonisch unter ++43 660\/3483620 (von 0-24 Uhr) erfragt werden. Prices blacked out by Reinhard Hafner on request.These can be requested by telephone on ++43 660\/3483620 (from 0-24 hrs). Prix noircis par &hellip;<p class=\"read-more\"> <a class=\"more-link\" href=\"https:\/\/www.mosthartl.at\/?page_id=828\"> <span class=\"screen-reader-text\">Speisekarte<\/span> Weiterlesen &raquo;<\/a><\/p>","_links":{"self":[{"href":"https:\/\/www.mosthartl.at\/index.php?rest_route=\/wp\/v2\/pages\/828","targetHints":{"allow":["GET"]}}],"collection":[{"href":"https:\/\/www.mosthartl.at\/index.php?rest_route=\/wp\/v2\/pages"}],"about":[{"href":"https:\/\/www.mosthartl.at\/index.php?rest_route=\/wp\/v2\/types\/page"}],"author":[{"embeddable":true,"href":"https:\/\/www.mosthartl.at\/index.php?rest_route=\/wp\/v2\/users\/3"}],"replies":[{"embeddable":true,"href":"https:\/\/www.mosthartl.at\/index.php?rest_route=%2Fwp%2Fv2%2Fcomments&post=828"}],"version-history":[{"count":36,"href":"https:\/\/www.mosthartl.at\/index.php?rest_route=\/wp\/v2\/pages\/828\/revisions"}],"predecessor-version":[{"id":1496,"href":"https:\/\/www.mosthartl.at\/index.php?rest_route=\/wp\/v2\/pages\/828\/revisions\/1496"}],"wp:attachment":[{"href":"https:\/\/www.mosthartl.at\/index.php?rest_route=%2Fwp%2Fv2%2Fmedia&parent=828"}],"curies":[{"name":"wp","href":"https:\/\/api.w.org\/{rel}","templated":true}]}}